{"id":11,"date":"2021-10-16T15:20:26","date_gmt":"2021-10-16T15:20:26","guid":{"rendered":"https:\/\/rayuela.mx\/edgi\/?page_id=11"},"modified":"2022-01-07T22:17:32","modified_gmt":"2022-01-07T22:17:32","slug":"inicio","status":"publish","type":"page","link":"https:\/\/comenzardenuevo.org\/edgi\/","title":{"rendered":"Inicio"},"content":{"rendered":"<p>[vc_row][vc_column]\n\t\t\t<!-- START Sliderinicio REVOLUTION SLIDER 6.4.4 --><p class=\"rs-p-wp-fix\"><\/p>\n\t\t\t<rs-module-wrap id=\"rev_slider_1_1_wrapper\" data-source=\"gallery\" style=\"background:transparent;padding:0;margin:0px auto;margin-top:0;margin-bottom:0;\">\n\t\t\t\t<rs-module id=\"rev_slider_1_1\" style=\"\" data-version=\"6.4.4\">\n\t\t\t\t\t<rs-slides>\n\t\t\t\t\t\t<rs-slide data-key=\"rs-1\" data-title=\"Slide\" data-in=\"o:0;\" data-out=\"a:false;\">\n\t\t\t\t\t\t\t<img decoding=\"async\" src=\"\/\/comenzardenuevo.org\/edgi\/wp-content\/uploads\/revslider\/video-media\/Helix-animation-EDGINZ-540-morado_11.jpeg\" title=\"Helix-animation-EDGINZ-540-morado_11.jpeg\" width=\"960\" height=\"540\" class=\"rev-slidebg tp-rs-img\" data-no-retina>\n\t\t\t\t\t\t\t<rs-bgvideo \n\t\t\t\t\t\t\t\tdata-video=\"w:100%;h:100%;nse:false;l:true;ptimer:false;vfc:true;\"\n\t\t\t\t\t\t\t\tdata-mp4=\"\/\/comenzardenuevo.org\/edgi\/wp-content\/uploads\/2021\/10\/Helix-animation-EDGINZ-540-morado.mp4\"\n\t\t\t\t\t\t\t><\/rs-bgvideo>\n<!--\n\t\t\t\t\t\t\t--><rs-layer\n\t\t\t\t\t\t\t\tid=\"slider-1-slide-1-layer-2\" \n\t\t\t\t\t\t\t\tdata-type=\"text\"\n\t\t\t\t\t\t\t\tdata-rsp_ch=\"on\"\n\t\t\t\t\t\t\t\tdata-xy=\"xo:60px,60px,60px,37px;yo:73px,73px,73px,94px;\"\n\t\t\t\t\t\t\t\tdata-text=\"w:nowrap;s:53,53,53,40;l:58,58,58,43;fw:700;a:left,left,left,center;\"\n\t\t\t\t\t\t\t\tdata-dim=\"w:auto,auto,auto,412px;\"\n\t\t\t\t\t\t\t\tdata-frame_999=\"o:0;st:w;\"\n\t\t\t\t\t\t\t\tstyle=\"z-index:8;font-family:Arial, Helvetica, sans-serif;\"\n\t\t\t\t\t\t\t>\u00bfAlguna vez ha tenido<br \/>\n un trastorno de la <br \/>\nconducta alimentaria?  \n\t\t\t\t\t\t\t<\/rs-layer><!--\n\n\t\t\t\t\t\t\t--><rs-layer\n\t\t\t\t\t\t\t\tid=\"slider-1-slide-1-layer-5\" \n\t\t\t\t\t\t\t\tdata-type=\"text\"\n\t\t\t\t\t\t\t\tdata-rsp_ch=\"on\"\n\t\t\t\t\t\t\t\tdata-xy=\"xo:61px,61px,61px,38px;yo:252px,252px,252px,238px;\"\n\t\t\t\t\t\t\t\tdata-text=\"w:normal;s:20,20,20,20;l:25,25,25,26;a:left,left,left,center;\"\n\t\t\t\t\t\t\t\tdata-dim=\"w:695px,695px,695px,403px;\"\n\t\t\t\t\t\t\t\tdata-frame_0=\"x:0,0,0,0px;y:0,0,0,0px;\"\n\t\t\t\t\t\t\t\tdata-frame_1=\"x:0,0,0,0px;y:0,0,0,0px;\"\n\t\t\t\t\t\t\t\tdata-frame_999=\"o:0;st:w;\"\n\t\t\t\t\t\t\t\tstyle=\"z-index:10;font-family:Roboto;\"\n\t\t\t\t\t\t\t>Por favor conteste nuestra encuesta, esta nos ayudar\u00e1 a poder entender m\u00e1s sobre estas enfermedades y as\u00ed poder seguir contribuyendo al diagn\u00f3stico, manejo y tratamiento de los trastornos de la conducta alimentaria. \n\t\t\t\t\t\t\t<\/rs-layer><!--\n\n\t\t\t\t\t\t\t--><a\n\t\t\t\t\t\t\t\tid=\"slider-1-slide-1-layer-6\" \n\t\t\t\t\t\t\t\tclass=\"rs-layer rev-btn\"\n\t\t\t\t\t\t\t\thref=\"https:\/\/redcap.link\/edgimexico.cdn\" target=\"_blank\" rel=\"noopener\"\n\t\t\t\t\t\t\t\tdata-type=\"button\"\n\t\t\t\t\t\t\t\tdata-color=\"#7a5685\"\n\t\t\t\t\t\t\t\tdata-rsp_ch=\"on\"\n\t\t\t\t\t\t\t\tdata-xy=\"xo:61px;yo:353px,353px,353px,428px;\"\n\t\t\t\t\t\t\t\tdata-text=\"w:normal;s:18,18,18,23;l:50,50,50,73;fw:500;\"\n\t\t\t\t\t\t\t\tdata-dim=\"minh:0px,0px,0px,none;\"\n\t\t\t\t\t\t\t\tdata-padding=\"r:40,40,40,57;l:40,40,40,57;\"\n\t\t\t\t\t\t\t\tdata-border=\"bor:3px,3px,3px,3px;\"\n\t\t\t\t\t\t\t\tdata-frame_0=\"x:0,0,0,0px;y:0,0,0,0px;\"\n\t\t\t\t\t\t\t\tdata-frame_1=\"x:0,0,0,0px;y:0,0,0,0px;\"\n\t\t\t\t\t\t\t\tdata-frame_999=\"o:0;st:w;\"\n\t\t\t\t\t\t\t\tdata-frame_hover=\"c:#7a5685;bgc:#fff;bor:3px,3px,3px,3px;sp:100;e:power1.inOut;bri:120%;\"\n\t\t\t\t\t\t\t\tstyle=\"z-index:11;background-color:#ffffff;font-family:Roboto;\"\n\t\t\t\t\t\t\t>Conteste nuestra encuesta \n\t\t\t\t\t\t\t<\/a><!--\n-->\t\t\t\t\t\t<\/rs-slide>\n\t\t\t\t\t<\/rs-slides>\n\t\t\t\t<\/rs-module>\n\t\t\t\t<script type=\"text\/javascript\">\n\t\t\t\t\tsetREVStartSize({c: 'rev_slider_1_1',rl:[1240,1240,1240,480],el:[500,500,500,720],gw:[1240,1240,1240,480],gh:[500,500,500,720],type:'hero',justify:'',layout:'fullwidth',mh:\"0\"});\n\t\t\t\t\tvar\trevapi1,\n\t\t\t\t\t\ttpj;\n\t\t\t\t\tfunction revinit_revslider11() {\n\t\t\t\t\tjQuery(function() {\n\t\t\t\t\t\ttpj = jQuery;\n\t\t\t\t\t\trevapi1 = tpj(\"#rev_slider_1_1\");\n\t\t\t\t\t\tif(revapi1==undefined || revapi1.revolution == undefined){\n\t\t\t\t\t\t\trevslider_showDoubleJqueryError(\"rev_slider_1_1\");\n\t\t\t\t\t\t}else{\n\t\t\t\t\t\t\trevapi1.revolution({\n\t\t\t\t\t\t\t\tsliderType:\"hero\",\n\t\t\t\t\t\t\t\tsliderLayout:\"fullwidth\",\n\t\t\t\t\t\t\t\tvisibilityLevels:\"1240,1240,1240,480\",\n\t\t\t\t\t\t\t\tgridwidth:\"1240,1240,1240,480\",\n\t\t\t\t\t\t\t\tgridheight:\"500,500,500,720\",\n\t\t\t\t\t\t\t\tperspective:600,\n\t\t\t\t\t\t\t\tperspectiveType:\"global\",\n\t\t\t\t\t\t\t\teditorheight:\"500,768,960,720\",\n\t\t\t\t\t\t\t\tresponsiveLevels:\"1240,1240,1240,480\",\n\t\t\t\t\t\t\t\tprogressBar:{disableProgressBar:true},\n\t\t\t\t\t\t\t\tnavigation: {\n\t\t\t\t\t\t\t\t\tonHoverStop:false\n\t\t\t\t\t\t\t\t},\n\t\t\t\t\t\t\t\tfallbacks: {\n\t\t\t\t\t\t\t\t\tallowHTML5AutoPlayOnAndroid:true\n\t\t\t\t\t\t\t\t},\n\t\t\t\t\t\t\t});\n\t\t\t\t\t\t}\n\t\t\t\t\t\t(function() {\n\tjQuery(document).ready(function() {\n\t\tjQuery('.gem-slideshow-with-preloader.gem-slideshow-rs').each(function() {\n\t\t\tvar slideshow = jQuery(this);\n\t\t\tslideshow.trigger('thegem-preloader-loaded');\n\t\t});\n\t});\n\tvar revapi = jQuery(document).ready(function() {});\n\trevapi.one('revolution.slide.onloaded', function() {\n\t\tjQuery('.gem-slideshow').prev('.slideshow-preloader').remove();\n\t});\n})();\n\n\t\t\t\t\t});\n\t\t\t\t\t} \/\/ End of RevInitScript\n\t\t\t\tvar once_revslider11 = false;\n\t\t\t\tif (document.readyState === \"loading\") {document.addEventListener('readystatechange',function() { if((document.readyState === \"interactive\" || document.readyState === \"complete\") && !once_revslider11 ) { once_revslider11 = true; revinit_revslider11();}});} else {once_revslider11 = true; revinit_revslider11();}\n\t\t\t\t<\/script>\n\t\t\t<\/rs-module-wrap>\n\t\t\t<!-- END REVOLUTION SLIDER -->\n[\/vc_column][\/vc_row][vc_row css=&#8221;.vc_custom_1634418904367{padding-top: 50px !important;padding-bottom: 50px !important;}&#8221;][vc_column width=&#8221;1\/3&#8243;][vc_custom_heading text=&#8221;Los investigadores de M\u00e9xico est\u00e1n buscando m\u00e1s de 400 voluntarios para realizar el estudio EDGI M\u00e9xico.&#8221; font_container=&#8221;tag:p|font_size:18|text_align:left|color:%237a5685&#8243; google_fonts=&#8221;font_family:Montserrat%3Aregular%2C700|font_style:700%20bold%20regular%3A700%3Anormal&#8221;][\/vc_column][vc_column width=&#8221;2\/3&#8243;][vc_column_text]La Iniciativa de los Trastornos de la Conducta Alimentaria, por sus siglas en ingl\u00e9s, EDGI, es la investigaci\u00f3n m\u00e1s grande sobre la gen\u00e9tica de estas enfermedades. Si tienes o has tenido Anorexia Nerviosa, Bulimia Nerviosa o Trastorno por Atrac\u00f3n, te invitamos a contestar nuestra encuesta. Si no has tenido un Trastorno de la Conducta Alimentaria tambi\u00e9n puedes participar como parte del grupo control. Si no vive en M\u00e9xico o no es mexicano, da <a href=\"https:\/\/edgi.org\/international-sites\/\">click aqu\u00ed<\/a>\u00a0 para ver si el estudio EDGI se encuentra en tu pa\u00eds.[\/vc_column_text][\/vc_column][\/vc_row][vc_row][vc_column]<div class=\"gem-youtube gem-wrapbox gem-wrapbox-style-no-style rounded-corners gem-wrapbox-position-below\" style=\"width: 100%;\"><div class=\"gem-wrapbox-inner gem-ratio-style\" style=\"padding-top: 56.25%\"><iframe class=\"gem-wrapbox-element img-responsive\" width=\"100%\" height=\"300\" allowfullscreen=\"allowfullscreen\" frameborder=\"0\" scrolling=\"no\" marginheight=\"0\" marginwidth=\"0\" src=\"\/\/www.youtube.com\/embed\/R-Dm8ifVufo?rel=0&amp;wmode=opaque\"><\/iframe><\/div><\/div>[\/vc_column][\/vc_row][vc_row][vc_column width=&#8221;1\/4&#8243; offset=&#8221;vc_col-xs-12 vc_hidden-xs&#8221;][vc_single_image image=&#8221;23&#8243; img_size=&#8221;70&#215;70&#8243; alignment=&#8221;center&#8221; onclick=&#8221;custom_link&#8221; link=&#8221;https:\/\/rayuela.mx\/edgi\/sobre-edgi\/&#8221;][vc_custom_heading text=&#8221;Sobre EDGI&#8221; font_container=&#8221;tag:p|font_size:18|text_align:center&#8221; google_fonts=&#8221;font_family:Montserrat%3Aregular%2C700|font_style:400%20regular%3A400%3Anormal&#8221;][\/vc_column][vc_column width=&#8221;1\/4&#8243; offset=&#8221;vc_col-xs-2\/5 vc_hidden-xs&#8221;][vc_single_image image=&#8221;24&#8243; img_size=&#8221;70&#215;70&#8243; alignment=&#8221;center&#8221; onclick=&#8221;custom_link&#8221; link=&#8221;https:\/\/rayuela.mx\/edgi\/transtornos-alimenticios\/&#8221;][vc_custom_heading text=&#8221;Sobre los trastornos de la conducta alimentaria&#8221; font_container=&#8221;tag:p|font_size:18|text_align:center&#8221; google_fonts=&#8221;font_family:Montserrat%3Aregular%2C700|font_style:400%20regular%3A400%3Anormal&#8221;][\/vc_column][vc_column width=&#8221;1\/4&#8243; offset=&#8221;vc_col-xs-2\/5 vc_hidden-xs&#8221;][vc_single_image image=&#8221;22&#8243; img_size=&#8221;70&#215;70&#8243; alignment=&#8221;center&#8221; onclick=&#8221;custom_link&#8221; link=&#8221;https:\/\/rayuela.mx\/edgi\/blog\/&#8221;][vc_custom_heading text=&#8221;Blog&#8221; font_container=&#8221;tag:p|font_size:18|text_align:center&#8221; google_fonts=&#8221;font_family:Montserrat%3Aregular%2C700|font_style:400%20regular%3A400%3Anormal&#8221;][\/vc_column][vc_column width=&#8221;1\/4&#8243; offset=&#8221;vc_col-xs-2\/5 vc_hidden-xs&#8221;][vc_single_image image=&#8221;25&#8243; img_size=&#8221;70&#215;70&#8243; alignment=&#8221;center&#8221; onclick=&#8221;custom_link&#8221; link=&#8221;https:\/\/rayuela.mx\/edgi\/contacto\/&#8221;][vc_custom_heading text=&#8221;Cont\u00e1ctenos&#8221; font_container=&#8221;tag:p|font_size:18|text_align:center&#8221; google_fonts=&#8221;font_family:Montserrat%3Aregular%2C700|font_style:400%20regular%3A400%3Anormal&#8221;][\/vc_column][\/vc_row][vc_row full_width=&#8221;stretch_row&#8221; css=&#8221;.vc_custom_1635435859049{margin-bottom: 0px !important;padding-top: 0px !important;padding-bottom: 0px !important;background-color: #f4f2f2 !important;}&#8221;][vc_column offset=&#8221;vc_hidden-lg vc_hidden-md&#8221;][vc_custom_heading text=&#8221;Ay\u00fadenos a alcanzar nuestro objetivo de m\u00e1s de 400 participantes mexicanos ofreci\u00e9ndose como voluntario para nuestro estudio.&#8221; font_container=&#8221;tag:p|font_size:18|text_align:center|color:%23212121|line_height:1.3&#8243; google_fonts=&#8221;font_family:Montserrat%3Aregular%2C700|font_style:700%20bold%20regular%3A700%3Anormal&#8221; css=&#8221;.vc_custom_1635953523809{padding-top: 45px !important;}&#8221;][\/vc_column][\/vc_row][vc_row full_width=&#8221;stretch_row&#8221; css=&#8221;.vc_custom_1635435953042{margin-top: -20px !important;padding-top: 120px !important;padding-bottom: 120px !important;background-color: #f4f2f2 !important;}&#8221;][vc_column width=&#8221;2\/3&#8243; offset=&#8221;vc_hidden-sm vc_hidden-xs&#8221;][vc_custom_heading text=&#8221;Ay\u00fadenos a alcanzar nuestro objetivo de m\u00e1s de 400 participantes mexicanos ofreci\u00e9ndose como voluntarios para nuestro estudio.&#8221; font_container=&#8221;tag:p|font_size:24|text_align:left|color:%23212121|line_height:1.5&#8243; google_fonts=&#8221;font_family:Montserrat%3Aregular%2C700|font_style:700%20bold%20regular%3A700%3Anormal&#8221; css=&#8221;.vc_custom_1641593729347{padding-top: 75px !important;}&#8221;][\/vc_column][vc_column width=&#8221;1\/3&#8243;][vc_single_image image=&#8221;235&#8243; img_size=&#8221;250&#215;250&#8243; alignment=&#8221;center&#8221;][\/vc_column][\/vc_row][vc_row][vc_column][vc_row_inner][vc_column_inner][vc_column_text]<\/p>\n<h2 style=\"text-align: center;\">Testimonios<\/h2>\n<p>[\/vc_column_text][\/vc_column_inner][\/vc_row_inner]<div class=\"preloader save-space\"><div class=\"preloader-spin\"><\/div><\/div> <div class=\"portfolio-preloader-wrapper\"> <div class=\"portfolio portfolio-grid news-grid no-padding portfolio-pagination-normal portfolio-style-justified background-style-transparent title-style-light hover-default title-on-page version-default loading-animation item-animation-move-up columns-2 next-page-preloading filters-preloading\" data-portfolio-uid=\"501e0e2\" data-current-page=\"1\" data-per-page=\"8\" data-next-page=\"0\" data-pages-count=\"1\" data-hover=\"default\"> <div class=\"portfolio-row-outer \"> <div class=\"row\" style=\"margin: -21px;\"> <div class=\"portfolio-set clearfix\" data-max-row-height=\"380\"> <div class=\"portfolio-item testimoniales col-sm-6 col-xs-12 item-animations-not-inited show-caption-border post-has-sets post-has-author post-169 post type-post status-publish format-standard has-post-thumbnail category-testimoniales\" style=\"padding: 21px;\" data-default-sort=\"0\" data-sort-date=\"1635269603\"> <div class=\"wrap clearfix\"> <div class=\"image post-169 post type-post status-publish format-standard has-post-thumbnail category-testimoniales\"> <div class=\"image-inner\"> <picture> <img decoding=\"async\" src=\"https:\/\/comenzardenuevo.org\/edgi\/wp-content\/uploads\/2026\/04\/transparent-thegem-portfolio-justified.png\" width=\"844\" height=\"767\" class=\"attachment-thegem-portfolio-justified\" alt=\"Historia de Bertha\" \/> <\/picture> <div class=\"post-featured-content\"><a href=\"https:\/\/comenzardenuevo.org\/edgi\/2021\/10\/26\/historia-de-bertha\/\"> <picture> <source srcset=\"https:\/\/comenzardenuevo.org\/edgi\/wp-content\/uploads\/2021\/10\/brooke-cagle-NoRsyXmHGpI-unsplash-2048x1252-1-thegem-portfolio-justified-2x-500.jpg 1x, https:\/\/comenzardenuevo.org\/edgi\/wp-content\/uploads\/2021\/10\/brooke-cagle-NoRsyXmHGpI-unsplash-2048x1252-1-thegem-portfolio-justified.jpg 2x\" media=\"(max-width: 550px)\" sizes=\"100vw\"> <source srcset=\"https:\/\/comenzardenuevo.org\/edgi\/wp-content\/uploads\/2021\/10\/brooke-cagle-NoRsyXmHGpI-unsplash-2048x1252-1-thegem-portfolio-justified-2x.jpg 1x, https:\/\/comenzardenuevo.org\/edgi\/wp-content\/uploads\/2021\/10\/brooke-cagle-NoRsyXmHGpI-unsplash-2048x1252-1-thegem-portfolio-justified.jpg 2x\" media=\"(max-width: 1920px)\" sizes=\"100vw\"> <img decoding=\"async\" src=\"https:\/\/comenzardenuevo.org\/edgi\/wp-content\/uploads\/2021\/10\/brooke-cagle-NoRsyXmHGpI-unsplash-2048x1252-1-thegem-portfolio-justified.jpg\" width=\"844\" height=\"767\" class=\"img-responsive\" alt=\"brooke-cagle-NoRsyXmHGpI-unsplash-2048x1252\" \/> <\/picture> <\/a><\/div> <\/div> <div class=\"overlay\"> <div class=\"overlay-circle\"><\/div> <div class=\"links-wrapper\"> <div class=\"links\"> <div class=\"caption\"> <a href=\"https:\/\/comenzardenuevo.org\/edgi\/2021\/10\/26\/historia-de-bertha\/\" class=\"portolio-item-link\"><\/a> <div class=\"grid-post-meta without-likes\"> <span class=\"comments-link\"><i class=\"default\"><\/i><a href=\"https:\/\/comenzardenuevo.org\/edgi\/2021\/10\/26\/historia-de-bertha\/#respond\">0<\/a><\/span> <\/div> <div class=\"description \"> <div class=\"subtitle\"> <p>[vc_row][vc_column][vc_column_text] Bertha Querida Anorexia: no tengo palabras para agradecerte por todo los aprendizajes que has puesto en mi camino. Al&#8230;<\/p> <\/div> <\/div> <div class=\"post-author-outer\"> <div class=\"author\"> <span class=\"author-avatar\"><img alt='' src='https:\/\/secure.gravatar.com\/avatar\/0c2a441701ac787bbd714077b237525afed9d167aee11ef75948505383c6414d?s=50&#038;d=mm&#038;r=g' srcset='https:\/\/secure.gravatar.com\/avatar\/0c2a441701ac787bbd714077b237525afed9d167aee11ef75948505383c6414d?s=100&#038;d=mm&#038;r=g 2x' class='avatar avatar-50 photo' height='50' width='50' \/><\/span> <span class=\"author-name\">By edgi2021<\/span> <\/div> <\/div> <\/div> <\/div> <\/div> <\/div> <\/div> <div class=\"caption post-169 post type-post status-publish format-standard has-post-thumbnail category-testimoniales\"> <div class=\"post-date\">26 octubre, 2021<\/div> <div class=\"title\"> <div class=\"title-h6\"><a href=\"https:\/\/comenzardenuevo.org\/edgi\/2021\/10\/26\/historia-de-bertha\/\" rel=\"bookmark\">Historia de Bertha<\/a><\/div> <\/div> <div class=\"info\"> <a data-slug=\"testimoniales\">Testimoniales<\/a> <\/div> <\/div> <\/div> <\/div> <div class=\"portfolio-item testimoniales col-sm-6 col-xs-12 item-animations-not-inited show-caption-border post-has-sets post-has-author post-166 post type-post status-publish format-standard has-post-thumbnail category-testimoniales\" style=\"padding: 21px;\" data-default-sort=\"0\" data-sort-date=\"1635269509\"> <div class=\"wrap clearfix\"> <div class=\"image post-166 post type-post status-publish format-standard has-post-thumbnail category-testimoniales\"> <div class=\"image-inner\"> <picture> <img decoding=\"async\" src=\"https:\/\/comenzardenuevo.org\/edgi\/wp-content\/uploads\/2026\/04\/transparent-thegem-portfolio-justified.png\" width=\"844\" height=\"767\" class=\"attachment-thegem-portfolio-justified\" alt=\"Historia de Claudia\" \/> <\/picture> <div class=\"post-featured-content\"><a href=\"https:\/\/comenzardenuevo.org\/edgi\/2021\/10\/26\/historia-de-claudia\/\"> <picture> <source srcset=\"https:\/\/comenzardenuevo.org\/edgi\/wp-content\/uploads\/2021\/10\/meghan-schiereck-_XFObcM_7KU-unsplash-2048x1365-1-thegem-portfolio-justified-2x-500.jpg 1x, https:\/\/comenzardenuevo.org\/edgi\/wp-content\/uploads\/2021\/10\/meghan-schiereck-_XFObcM_7KU-unsplash-2048x1365-1-thegem-portfolio-justified.jpg 2x\" media=\"(max-width: 550px)\" sizes=\"100vw\"> <source srcset=\"https:\/\/comenzardenuevo.org\/edgi\/wp-content\/uploads\/2021\/10\/meghan-schiereck-_XFObcM_7KU-unsplash-2048x1365-1-thegem-portfolio-justified-2x.jpg 1x, https:\/\/comenzardenuevo.org\/edgi\/wp-content\/uploads\/2021\/10\/meghan-schiereck-_XFObcM_7KU-unsplash-2048x1365-1-thegem-portfolio-justified.jpg 2x\" media=\"(max-width: 1920px)\" sizes=\"100vw\"> <img decoding=\"async\" src=\"https:\/\/comenzardenuevo.org\/edgi\/wp-content\/uploads\/2021\/10\/meghan-schiereck-_XFObcM_7KU-unsplash-2048x1365-1-thegem-portfolio-justified.jpg\" width=\"844\" height=\"767\" class=\"img-responsive\" alt=\"meghan-schiereck-_XFObcM_7KU-unsplash-2048x1365\" \/> <\/picture> <\/a><\/div> <\/div> <div class=\"overlay\"> <div class=\"overlay-circle\"><\/div> <div class=\"links-wrapper\"> <div class=\"links\"> <div class=\"caption\"> <a href=\"https:\/\/comenzardenuevo.org\/edgi\/2021\/10\/26\/historia-de-claudia\/\" class=\"portolio-item-link\"><\/a> <div class=\"grid-post-meta without-likes\"> <span class=\"comments-link\"><i class=\"default\"><\/i><a href=\"https:\/\/comenzardenuevo.org\/edgi\/2021\/10\/26\/historia-de-claudia\/#respond\">0<\/a><\/span> <\/div> <div class=\"description \"> <div class=\"subtitle\"> <p>[vc_row][vc_column][vc_column_text] Claudia Todo comenz\u00f3 como un juego, no ten\u00eda idea de lo que estaba a punto de comenzar. Tampoco sab\u00eda&#8230;<\/p> <\/div> <\/div> <div class=\"post-author-outer\"> <div class=\"author\"> <span class=\"author-avatar\"><img alt='' src='https:\/\/secure.gravatar.com\/avatar\/0c2a441701ac787bbd714077b237525afed9d167aee11ef75948505383c6414d?s=50&#038;d=mm&#038;r=g' srcset='https:\/\/secure.gravatar.com\/avatar\/0c2a441701ac787bbd714077b237525afed9d167aee11ef75948505383c6414d?s=100&#038;d=mm&#038;r=g 2x' class='avatar avatar-50 photo' height='50' width='50' \/><\/span> <span class=\"author-name\">By edgi2021<\/span> <\/div> <\/div> <\/div> <\/div> <\/div> <\/div> <\/div> <div class=\"caption post-166 post type-post status-publish format-standard has-post-thumbnail category-testimoniales\"> <div class=\"post-date\">26 octubre, 2021<\/div> <div class=\"title\"> <div class=\"title-h6\"><a href=\"https:\/\/comenzardenuevo.org\/edgi\/2021\/10\/26\/historia-de-claudia\/\" rel=\"bookmark\">Historia de Claudia<\/a><\/div> <\/div> <div class=\"info\"> <a data-slug=\"testimoniales\">Testimoniales<\/a> <\/div> <\/div> <\/div> <\/div> <\/div><!-- .portflio-set --> <div class=\"portfolio-item-size-container\"> <div class=\"portfolio-item col-sm-6 col-xs-12 item-animations-not-inited show-caption-border post-has-author post-166 post type-post status-publish format-standard has-post-thumbnail category-testimoniales\" style=\"padding: 0 21px !important;\"> <\/div> <\/div> <\/div><!-- .row--> <\/div><!-- .full-width --> <\/div><!-- .portfolio--> <\/div><!-- .portfolio-preloader-wrapper-->[\/vc_column][\/vc_row]<\/p>\n","protected":false},"excerpt":{"rendered":"<p>[vc_row][vc_column][\/vc_column][\/vc_row][vc_row css=&#8221;.vc_custom_1634418904367{padding-top: 50px !important;padding-bottom: 50px !important;}&#8221;][vc_column width=&#8221;1\/3&#8243;][vc_custom_heading text=&#8221;Los investigadores de M\u00e9xico est\u00e1n buscando m\u00e1s de 400 voluntarios para realizar el&#8230;<\/p>\n","protected":false},"author":1,"featured_media":0,"parent":0,"menu_order":0,"comment_status":"closed","ping_status":"closed","template":"","meta":{"footnotes":""},"class_list":["post-11","page","type-page","status-publish"],"_links":{"self":[{"href":"https:\/\/comenzardenuevo.org\/edgi\/wp-json\/wp\/v2\/pages\/11","targetHints":{"allow":["GET"]}}],"collection":[{"href":"https:\/\/comenzardenuevo.org\/edgi\/wp-json\/wp\/v2\/pages"}],"about":[{"href":"https:\/\/comenzardenuevo.org\/edgi\/wp-json\/wp\/v2\/types\/page"}],"author":[{"embeddable":true,"href":"https:\/\/comenzardenuevo.org\/edgi\/wp-json\/wp\/v2\/users\/1"}],"replies":[{"embeddable":true,"href":"https:\/\/comenzardenuevo.org\/edgi\/wp-json\/wp\/v2\/comments?post=11"}],"version-history":[{"count":72,"href":"https:\/\/comenzardenuevo.org\/edgi\/wp-json\/wp\/v2\/pages\/11\/revisions"}],"predecessor-version":[{"id":243,"href":"https:\/\/comenzardenuevo.org\/edgi\/wp-json\/wp\/v2\/pages\/11\/revisions\/243"}],"wp:attachment":[{"href":"https:\/\/comenzardenuevo.org\/edgi\/wp-json\/wp\/v2\/media?parent=11"}],"curies":[{"name":"wp","href":"https:\/\/api.w.org\/{rel}","templated":true}]}}